{"id":11835,"date":"2023-05-29T12:27:20","date_gmt":"2023-05-29T10:27:20","guid":{"rendered":"https:\/\/www.inextremis-aventura.fr\/activites\/sense%20categoria\/via-ferrata-lintermediate-saint-paul-de-fenouillet\/"},"modified":"2025-02-20T13:33:30","modified_gmt":"2025-02-20T12:33:30","slug":"via-ferrata-intermedia-sant-pau-de-fenollet","status":"publish","type":"product","link":"https:\/\/www1.inextremis-aventura.fr\/ca\/activitats\/via-ferrata-intermedia-sant-pau-de-fenollet\/","title":{"rendered":"Via Ferrata L&#8217;Intermedia &#8211; Sant Pau de Fenollet"},"content":{"rendered":"<p><strong>Pujar, pujar, creuar, pujar, caminar al llarg, creuar, ruta a\u00e8ria, ruta en al\u00e7ada, rutes, gas, vista de la vall, mareig, buit, ets a la Via Ferrata.<\/strong><br \/>\nCada cop s\u00f3n m\u00e9s les fam\u00edlies que escullen la Via Ferrata com una nova forma de descobrir la muntanya.<br \/>\n<strong>Un curs intermedi d&#8217;iniciaci\u00f3 esportiva des de la Via Ferrata<\/strong> fins a Saint Paul de Fenouillet que ofereix boniques sensacions de buit durant tota l&#8217;ascensi\u00f3.<br \/>\nExcel\u00b7lent exercici vertical per a nens a partir de 12 anys i adolescents.<br \/>\nBarreja dels dos cursos per descobrir l&#8217;activitat en modalitat d&#8217;iniciaci\u00f3 esportiva.<\/p>\n","protected":false},"excerpt":{"rendered":"<p><strong>Un curs intermedi d&#8217;iniciaci\u00f3 esportiva des de la Via Ferrata<\/strong> fins a Saint Paul de Fenouillet que ofereix boniques sensacions de buit durant tota l&#8217;ascensi\u00f3.<br \/>\nExcel\u00b7lent exercici vertical per a nens a partir de 12 anys i adolescents.<br \/>\nBarreja dels dos cursos per descobrir l&#8217;activitat en modalitat d&#8217;iniciaci\u00f3 esportiva.<br \/>\n<strong>Exposici\u00f3:<\/strong> oest &#8211; Sense escapada, possible circumval\u00b7laci\u00f3 pel pont de corda.<br \/>\n<b>Nivell:<\/b> Esportista mitj\u00e0, ideal per a fam\u00edlies que ja han practicat<br \/>\n<b>Edat:<\/b> A partir dels 12 anys<br \/>\n<b>Durada:<\/b> 2h30 aproximadament<\/p>\n","protected":false},"featured_media":9807,"comment_status":"closed","ping_status":"closed","template":"","meta":{"_acf_changed":false,"_seopress_robots_primary_cat":"none","_seopress_titles_title":"Via Ferrata L'Intermedia - Sant Pau de Fenollet","_seopress_titles_desc":"Un curs intermedi d'iniciaci\u00f3 esportiva des de la Via Ferrata fins a Saint Paul de Fenouillet que ofereix grans sensacions de llibertat.\r\nExcel\u00b7lent exercici vertical per a nens a partir de 12 anys i adolescents.","_seopress_robots_index":"","site-sidebar-layout":"no-sidebar","site-content-layout":"page-builder","ast-site-content-layout":"full-width-container","site-content-style":"unboxed","site-sidebar-style":"unboxed","ast-global-header-display":"","ast-banner-title-visibility":"","ast-main-header-display":"","ast-hfb-above-header-display":"","ast-hfb-below-header-display":"","ast-hfb-mobile-header-display":"","site-post-title":"disabled","ast-breadcrumbs-content":"","ast-featured-img":"disabled","footer-sml-layout":"","ast-disable-related-posts":"","theme-transparent-header-meta":"default","adv-header-id-meta":"","stick-header-meta":"default","header-above-stick-meta":"on","header-main-stick-meta":"","header-below-stick-meta":"","astra-migrate-meta-layouts":"set","ast-page-background-enabled":"default","ast-page-background-meta":{"desktop":{"background-color":"var(--ast-global-color-4)","background-image":"","background-repeat":"repeat","background-position":"center center","background-size":"auto","background-attachment":"scroll","background-type":"","background-media":"","overlay-type":"","overlay-color":"","overlay-opacity":"","overlay-gradient":""},"tablet":{"background-color":"","background-image":"","background-repeat":"repeat","background-position":"center center","background-size":"auto","background-attachment":"scroll","background-type":"","background-media":"","overlay-type":"","overlay-color":"","overlay-opacity":"","overlay-gradient":""},"mobile":{"background-color":"","background-image":"","background-repeat":"repeat","background-position":"center center","background-size":"auto","background-attachment":"scroll","background-type":"","background-media":"","overlay-type":"","overlay-color":"","overlay-opacity":"","overlay-gradient":""}},"ast-content-background-meta":{"desktop":{"background-color":"var(--ast-global-color-5)","background-image":"","background-repeat":"repeat","background-position":"center center","background-size":"auto","background-attachment":"scroll","background-type":"","background-media":"","overlay-type":"","overlay-color":"","overlay-opacity":"","overlay-gradient":""},"tablet":{"background-color":"var(--ast-global-color-5)","background-image":"","background-repeat":"repeat","background-position":"center center","background-size":"auto","background-attachment":"scroll","background-type":"","background-media":"","overlay-type":"","overlay-color":"","overlay-opacity":"","overlay-gradient":""},"mobile":{"background-color":"var(--ast-global-color-5)","background-image":"","background-repeat":"repeat","background-position":"center center","background-size":"auto","background-attachment":"scroll","background-type":"","background-media":"","overlay-type":"","overlay-color":"","overlay-opacity":"","overlay-gradient":""}},"_glsr_average":5,"_glsr_ranking":3.636363636363599827205916881212033331394195556640625,"_glsr_reviews":1},"product_brand":[263],"product_cat":[241,192],"product_tag":[68,194],"giftcard-category":[],"class_list":{"0":"post-11835","1":"product","2":"type-product","3":"status-publish","4":"has-post-thumbnail","6":"product_brand-sableo-ca","7":"product_cat-curs-mitja-via-ferrata","8":"product_cat-via-ferrata-ca","9":"product_tag-sant-paul-de-fenouillet","10":"product_tag-via-ferrata-ca","11":"desktop-align-center","12":"tablet-align-left","13":"mobile-align-left","14":"ast-product-gallery-layout-horizontal","15":"ast-magnify-disabled","17":"first","18":"instock","19":"virtual","20":"purchasable","21":"product-type-appointment"},"exclude_global_add_ons":[],"addons":[],"acf":{"short_description_en_h2":"<h2>[wpcode id=\"12596\"]<\/h2>","description_de_la_sortie":"<h3>Organitzaci\u00f3 i supervisi\u00f3 Via Ferrata<\/h3>\r\nPer organitzar una sortida cal un m\u00ednim de 4 persones. Si sou menys de 4 persones i voleu fer una Via Ferrata supervisada per un monitor, feu clic a les dates amb una l\u00ednia a continuaci\u00f3 (sortida garantida), per saber les places que queden o poseu-vos en contacte amb nosaltres al 06 29 56 40 36, Intentarem trobar una soluci\u00f3 per a vost\u00e8.","materiel_fourni_pour_votre_descente":"<h3>Equipament proporcionat per al vostre sortida<\/h3>\r\n<ul>\r\n \t<li>Arn\u00e8s amb doble corda<\/li>\r\n \t<li>Casc<\/li>\r\n \t<li>Guants de via ferrada<\/li>\r\n<\/ul>","affaires_personnelles_a_prevoir":"<h3>Assumptes personals a planificar<\/h3>\r\n<ul>\r\n \t<li>1 vestit esportiu (trieu pantalons o pantalons retallats, sense texans)<\/li>\r\n \t<li>sabates esportives amb sola gruixuda<\/li>\r\n \t<li>motxilla petita amb ampolles d'aigua<\/li>\r\n \t<li>1 vestit de pluja<\/li>\r\n \t<li>ulleres de sol<\/li>\r\n<\/ul>","le_plus_d\u2019inextremis_aventura":"<h3>El + d'Inextremis Aventura<\/h3>\r\n<strong>Supervisat per un instructor de barrancs d'escalada amb certificat estatal franc\u00e8s amb m\u00e9s de 30 anys d'experi\u00e8ncia professional.<\/strong>","video":"","niveau":"<div class=\"wpcbm-badge wpcbm-badge-10027 wpcbm-pid-8882 wpcbm-badge-style-04 wpcbm-badge-group-0 hint--top\" aria-label=\"\">\r\n<div class=\"wpcbm-badge-inner\"><strong>Grau mitj\u00e0 - 12 anys<\/strong><\/div>\r\n<\/div>","topographie":"<strong>Activitat :<\/strong> Via Ferrata\r\n<strong>Nivell:<\/strong> intermedi (iniciaci\u00f3 esportiva)\r\n<strong>Desnivell:<\/strong> 250 metres\r\n<strong>Longitud:<\/strong> 650 metres\r\n<strong>Durada de l'ascens:<\/strong> 2 hores\r\n<strong>Retorn a peu:<\/strong> per un cam\u00ed en 30 minuts\r\n<strong>Ubicaci\u00f3:<\/strong> Saint Paul de Fenouillet\r\n<strong>Departament <\/strong>: Pyr\u00e9n\u00e9es Orientales\r\n<strong>Regi\u00f3: <\/strong>Occit\u00e0nia \u2013 Pirineus Mediterranis\r\n<strong>El vostre organitzador:<\/strong>\r\n<strong>Instructor:<\/strong> Certificat d'escalada estatal franc\u00e8s que acredita l'asseguran\u00e7a de responsabilitat civil professional + costos de recerca i rescat.\r\n<strong>Idiomes parlats:<\/strong> franc\u00e8s, angl\u00e8s.\r\n<strong>Equip subministrat:<\/strong> Arnesos, cordes, cascs i guants.\r\n<strong>Equip personal que cal portar:<\/strong> cal\u00e7at i roba esportiva, k-way, barretes de cereals i una petita ampolla d'aigua de pl\u00e0stic.\r\n<strong>Transport<\/strong>: trobada al lloc\r\n<strong>Condicions:<\/strong>\r\nEdat m\u00ednima 12 anys\r\nNo tenir contraindicaci\u00f3 m\u00e8dica o f\u00edsica per a les activitats proposades.\r\n<strong>Notes:<\/strong>\r\nEn funci\u00f3 del temps, l'organitzador pot decidir traslladar-se o cancel\u00b7lar una sortida com a mesura de seguretat.\r\nEn cas d'avaria o incompliment d'equips cedits propis de les activitats, vehicles de transport, la nostra empresa reclamar\u00e0 una indemnitzaci\u00f3 a la(s) persona(s) interessada(s), aix\u00ed com en cas de p\u00e8rdua o robatori.","tarifs_de_la_sortie":"<h3><strong>Preus de sortida<\/strong><\/h3>\r\n<ul>\r\n \t<li><strong>Preu d'1 a 4 persones: 40\u20ac\/persona<\/strong><\/li>\r\n \t<li><strong>Preu de 5 a 7 persones i m\u00e9s: 38\u20ac\/persona<\/strong><\/li>\r\n \t<li><strong>Preu de 8 a 12 persones i m\u00e9s: 35\u20ac\/persona<\/strong><\/li>\r\n<\/ul>","infos_dates":"<h3>Altres dates<\/h3>\r\nVoleu una data diferent a les que es mostren per al vostre viatge de barranquisme?\r\nPodem organitzar la sortida a simple sol\u00b7licitud.\r\nLes sortides estan garantides a partir de 4 persones, si no s'arriba al nombre m\u00ednim intentarem col\u00b7locar-te amb un company on et reemborsarem l'import total que has pagat en reservar.","image_seule":"[caption id=\"attachment_8908\" align=\"alignnone\" width=\"1400\"]<img class=\"size-full wp-image-8908\" src=\"http:\/\/www.inextremis-aventura.fr\/wp-content\/uploads\/2023\/05\/via-ferrata-intremediaire-saint-paul-de-fenouillet-18-e1685357620443.jpg\" alt=\"Via Ferrata L'Interm\u00e9diaire - Sant Paul de Fenouillet - Pirineus Orientals\" width=\"1400\" height=\"1050\" \/> Via Ferrata L'Interm\u00e9diaire - Sant Paul de Fenouillet - Pirineus Orientals[\/caption]","selectionner":"<span style=\"color: #ff0000;\"><strong>Seleccioneu el nombre total de llocs a dalt.<\/strong><\/span>","contact":"<a href=\"https:\/\/www.inextremis-aventura.fr\/ca\/contacta-amb-nosaltres\/\"><strong><img class=\"alignnone wp-image-8222\" src=\"http:\/\/www.inextremis-aventura.fr\/wp-content\/uploads\/2022\/12\/icone-mail.png\" alt=\"info@inextremis-aventura.com\" width=\"38\" height=\"25\" \/> Contact !<\/strong><\/a>","tel":"<strong><img class=\"alignnone wp-image-8218\" src=\"http:\/\/www.inextremis-aventura.fr\/wp-content\/uploads\/2022\/12\/icone-tel.png\" alt=\"+33980850565\" width=\"25\" height=\"25\" \/>+33 980 850 565<\/strong>","portable":"<strong><img class=\"alignnone wp-image-8218\" src=\"http:\/\/www.inextremis-aventura.fr\/wp-content\/uploads\/2022\/12\/icone-tel.png\" alt=\"+33629564036\" width=\"25\" height=\"25\" \/>+33 629 564 036<\/strong>","situation":"<strong><a href=\"https:\/\/goo.gl\/maps\/sMFNHoxDRmRGMJAB9\" target=\"_blank\" rel=\"noopener\"><img class=\"alignnone wp-image-8229\" title=\"Locaux Inextremis Aventura\" src=\"http:\/\/www.inextremis-aventura.fr\/wp-content\/uploads\/2022\/12\/icone-place.png\" alt=\"Locaux Inextremis Aventura\" width=\"22\" height=\"25\" \/> Situatio<\/a><\/strong>","image_topo":"","google_maps":{"address":"QFXX+F6 Lesquerde, France","lat":42.79862835641082341453511617146432399749755859375,"lng":2.49805927276611328125,"zoom":17,"place_id":"GhIJE9SVdDlmRUARzr-ngwb8A0A","city":"Lesquerde","state":"Occitanie","post_code":66220,"country":"France","country_short":"FR"},"informations_touristiques":"","informations_touristiques_2":"","ouverture-fermeture":"","champs":"<strong>Les dates de llan\u00e7aments programats en negreta.\r\nDates ratllades o sortides completes que no es poden fer clic.<\/strong>\r\n<span style=\"color: #ff0000;\"><strong>Si no hi ha dates al calendari, feu la reserva a trav\u00e9s de la p\u00e0gina frances <a href=\"https:\/\/www.inextremis-aventura.fr\/activites\/via-ferrata-intermediaire\/\">aqui<\/a> !<\/strong><\/span>","lieu_de_rdv":"<h3>Lloc de trobada :<\/h3>"},"_links":{"self":[{"href":"https:\/\/www1.inextremis-aventura.fr\/ca\/wp-json\/wp\/v2\/product\/11835","targetHints":{"allow":["GET"]}}],"collection":[{"href":"https:\/\/www1.inextremis-aventura.fr\/ca\/wp-json\/wp\/v2\/product"}],"about":[{"href":"https:\/\/www1.inextremis-aventura.fr\/ca\/wp-json\/wp\/v2\/types\/product"}],"replies":[{"embeddable":true,"href":"https:\/\/www1.inextremis-aventura.fr\/ca\/wp-json\/wp\/v2\/comments?post=11835"}],"wp:featuredmedia":[{"embeddable":true,"href":"https:\/\/www1.inextremis-aventura.fr\/ca\/wp-json\/wp\/v2\/media\/9807"}],"wp:attachment":[{"href":"https:\/\/www1.inextremis-aventura.fr\/ca\/wp-json\/wp\/v2\/media?parent=11835"}],"wp:term":[{"taxonomy":"product_brand","embeddable":true,"href":"https:\/\/www1.inextremis-aventura.fr\/ca\/wp-json\/wp\/v2\/product_brand?post=11835"},{"taxonomy":"product_cat","embeddable":true,"href":"https:\/\/www1.inextremis-aventura.fr\/ca\/wp-json\/wp\/v2\/product_cat?post=11835"},{"taxonomy":"product_tag","embeddable":true,"href":"https:\/\/www1.inextremis-aventura.fr\/ca\/wp-json\/wp\/v2\/product_tag?post=11835"},{"taxonomy":"giftcard-category","embeddable":true,"href":"https:\/\/www1.inextremis-aventura.fr\/ca\/wp-json\/wp\/v2\/giftcard-category?post=11835"}],"curies":[{"name":"wp","href":"https:\/\/api.w.org\/{rel}","templated":true}]}}

<p><strong>Pujar, pujar, creuar, pujar, caminar al llarg, creuar, ruta aèria, ruta en alçada, rutes, gas, vista de la vall, mareig, buit, ets a la Via Ferrata.</strong><br />
Cada cop són més les famílies que escullen la Via Ferrata com una nova forma de descobrir la muntanya.<br />
<strong>Un curs intermedi d&#8217;iniciació esportiva des de la Via Ferrata</strong> fins a Saint Paul de Fenouillet que ofereix boniques sensacions de buit durant tota l&#8217;ascensió.<br />
Excel·lent exercici vertical per a nens a partir de 12 anys i adolescents.<br />
Barreja dels dos cursos per descobrir l&#8217;activitat en modalitat d&#8217;iniciació esportiva.</p>

<p><strong>Un curs intermedi d&#8217;iniciació esportiva des de la Via Ferrata</strong> fins a Saint Paul de Fenouillet que ofereix boniques sensacions de buit durant tota l&#8217;ascensió.<br />
Excel·lent exercici vertical per a nens a partir de 12 anys i adolescents.<br />
Barreja dels dos cursos per descobrir l&#8217;activitat en modalitat d&#8217;iniciació esportiva.<br />
<strong>Exposició:</strong> oest &#8211; Sense escapada, possible circumval·lació pel pont de corda.<br />
<b>Nivell:</b> Esportista mitjà, ideal per a famílies que ja han practicat<br />
<b>Edat:</b> A partir dels 12 anys<br />
<b>Durada:</b> 2h30 aproximadament</p>

Un curs intermedi d'iniciació esportiva des de la Via Ferrata fins a Saint Paul de Fenouillet que ofereix grans sensacions de llibertat.
Excel·lent exercici vertical per a nens a partir de 12 anys i adolescents.

<h3>Organització i supervisió Via Ferrata</h3>
Per organitzar una sortida cal un mínim de 4 persones. Si sou menys de 4 persones i voleu fer una Via Ferrata supervisada per un monitor, feu clic a les dates amb una línia a continuació (sortida garantida), per saber les places que queden o poseu-vos en contacte amb nosaltres al 06 29 56 40 36, Intentarem trobar una solució per a vostè.

<h3>Equipament proporcionat per al vostre sortida</h3>
<ul>
 	<li>Arnès amb doble corda</li>
 	<li>Casc</li>
 	<li>Guants de via ferrada</li>
</ul>

<h3>El + d'Inextremis Aventura</h3>
<strong>Supervisat per un instructor de barrancs d'escalada amb certificat estatal francès amb més de 30 anys d'experiència professional.</strong>

<div class="wpcbm-badge wpcbm-badge-10027 wpcbm-pid-8882 wpcbm-badge-style-04 wpcbm-badge-group-0 hint--top" aria-label="">
<div class="wpcbm-badge-inner"><strong>Grau mitjà - 12 anys</strong></div>
</div>

<strong>Activitat :</strong> Via Ferrata
<strong>Nivell:</strong> intermedi (iniciació esportiva)
<strong>Desnivell:</strong> 250 metres
<strong>Longitud:</strong> 650 metres
<strong>Durada de l'ascens:</strong> 2 hores
<strong>Retorn a peu:</strong> per un camí en 30 minuts
<strong>Ubicació:</strong> Saint Paul de Fenouillet
<strong>Departament </strong>: Pyrénées Orientales
<strong>Regió: </strong>Occitània – Pirineus Mediterranis
<strong>El vostre organitzador:</strong>
<strong>Instructor:</strong> Certificat d'escalada estatal francès que acredita l'assegurança de responsabilitat civil professional + costos de recerca i rescat.
<strong>Idiomes parlats:</strong> francès, anglès.
<strong>Equip subministrat:</strong> Arnesos, cordes, cascs i guants.
<strong>Equip personal que cal portar:</strong> calçat i roba esportiva, k-way, barretes de cereals i una petita ampolla d'aigua de plàstic.
<strong>Transport</strong>: trobada al lloc
<strong>Condicions:</strong>
Edat mínima 12 anys
No tenir contraindicació mèdica o física per a les activitats proposades.
<strong>Notes:</strong>
En funció del temps, l'organitzador pot decidir traslladar-se o cancel·lar una sortida com a mesura de seguretat.
En cas d'avaria o incompliment d'equips cedits propis de les activitats, vehicles de transport, la nostra empresa reclamarà una indemnització a la(s) persona(s) interessada(s), així com en cas de pèrdua o robatori.

<h3><strong>Preus de sortida</strong></h3>
<ul>
 	<li><strong>Preu d'1 a 4 persones: 40€/persona</strong></li>
 	<li><strong>Preu de 5 a 7 persones i més: 38€/persona</strong></li>
 	<li><strong>Preu de 8 a 12 persones i més: 35€/persona</strong></li>
</ul>

<h3>Altres dates</h3>
Voleu una data diferent a les que es mostren per al vostre viatge de barranquisme?
Podem organitzar la sortida a simple sol·licitud.
Les sortides estan garantides a partir de 4 persones, si no s'arriba al nombre mínim intentarem col·locar-te amb un company on et reemborsarem l'import total que has pagat en reservar.

[caption id="attachment_8908" align="alignnone" width="1400"]<img class="size-full wp-image-8908" src="http://www.inextremis-aventura.fr/wp-content/uploads/2023/05/via-ferrata-intremediaire-saint-paul-de-fenouillet-18-e1685357620443.jpg" alt="Via Ferrata L'Intermédiaire - Sant Paul de Fenouillet - Pirineus Orientals" width="1400" height="1050" /> Via Ferrata L'Intermédiaire - Sant Paul de Fenouillet - Pirineus Orientals[/caption]

<strong>Les dates de llançaments programats en negreta.
Dates ratllades o sortides completes que no es poden fer clic.</strong>
<span style="color: #ff0000;"><strong>Si no hi ha dates al calendari, feu la reserva a través de la pàgina frances <a href="https://www.inextremis-aventura.fr/activites/via-ferrata-intermediaire/">aqui</a> !</strong></span>
